{"id":69,"date":"2024-08-02T02:31:13","date_gmt":"2024-08-02T02:31:13","guid":{"rendered":"https:\/\/elinkslogistics.com\/?page_id=69"},"modified":"2024-08-02T02:37:55","modified_gmt":"2024-08-02T02:37:55","slug":"gioi-thieu","status":"publish","type":"page","link":"https:\/\/elinkslogistics.com\/index.php\/gioi-thieu\/","title":{"rendered":"Gi\u1edbi thi\u1ec7u"},"content":{"rendered":"<h2 data-sourcepos=\"5:1-5:19\"><strong>Elinks Logistic &#8211; N\u1ed1i li\u1ec1n th\u1ebf gi\u1edbi, k\u1ebft n\u1ed1i th\u00e0nh c\u00f4ng<\/strong><\/h2>\n<p data-sourcepos=\"7:1-7:99\">Trong th\u1eddi \u0111\u1ea1i to\u00e0n c\u1ea7u h\u00f3a, vi\u1ec7c v\u1eadn chuy\u1ec3n h\u00e0ng h\u00f3a nhanh ch\u00f3ng v\u00e0 an to\u00e0n tr\u1edf n\u00ean quan tr\u1ecdng h\u01a1n bao gi\u1edd h\u1ebft. Hi\u1ec3u r\u00f5 t\u1ea7m quan tr\u1ecdng \u0111\u00f3, <strong>Elinks Logistic<\/strong> ra \u0111\u1eddi v\u1edbi s\u1ee9 m\u1ec7nh tr\u1edf th\u00e0nh \u0111\u1ed1i t\u00e1c tin c\u1eady, mang \u0111\u1ebfn gi\u1ea3i ph\u00e1p v\u1eadn chuy\u1ec3n h\u00e0ng h\u00f3a qu\u1ed1c t\u1ebf hi\u1ec7u qu\u1ea3 v\u00e0 chuy\u00ean nghi\u1ec7p.<\/p>\n<h2 data-sourcepos=\"9:1-9:20\"><strong>Ch\u00fang t\u00f4i l\u00e0 ai?<\/strong><\/h2>\n<p data-sourcepos=\"11:1-11:286\"><strong>Elinks Logistic<\/strong> l\u00e0 m\u1ed9t trong nh\u1eefng c\u00f4ng ty h\u00e0ng \u0111\u1ea7u trong l\u0129nh v\u1ef1c cung c\u1ea5p d\u1ecbch v\u1ee5 chuy\u1ec3n ph\u00e1t nhanh qu\u1ed1c t\u1ebf. V\u1edbi nhi\u1ec1u n\u0103m kinh nghi\u1ec7m ho\u1ea1t \u0111\u1ed9ng trong ng\u00e0nh, ch\u00fang t\u00f4i \u0111\u00e3 x\u00e2y d\u1ef1ng \u0111\u01b0\u1ee3c m\u1ed9t h\u1ec7 th\u1ed1ng m\u1ea1ng l\u01b0\u1edbi r\u1ed9ng kh\u1eafp to\u00e0n c\u1ea7u, k\u1ebft n\u1ed1i c\u00e1c qu\u1ed1c gia v\u00e0 v\u00f9ng l\u00e3nh th\u1ed5 tr\u00ean th\u1ebf gi\u1edbi.<\/p>\n<h2 data-sourcepos=\"13:1-13:32\"><strong>V\u00ec sao ch\u1ecdn Elinks Logistic?<\/strong><\/h2>\n<ul data-sourcepos=\"15:1-15:1\">\n<li data-sourcepos=\"15:1-15:1\"><strong>Chuy\u00ean nghi\u1ec7p v\u00e0 t\u1eadn t\u00e2m:<\/strong> \u0110\u1ed9i ng\u0169 nh\u00e2n vi\u00ean c\u1ee7a ch\u00fang t\u00f4i \u0111\u01b0\u1ee3c \u0111\u00e0o t\u1ea1o b\u00e0i b\u1ea3n, gi\u00e0u kinh nghi\u1ec7m v\u00e0 lu\u00f4n s\u1eb5n s\u00e0ng h\u1ed7 tr\u1ee3 kh\u00e1ch h\u00e0ng 24\/7. Ch\u00fang t\u00f4i cam k\u1ebft mang \u0111\u1ebfn d\u1ecbch v\u1ee5 chuy\u00ean nghi\u1ec7p, t\u1eadn t\u00e2m v\u00e0 chu \u0111\u00e1o nh\u1ea5t.<\/li>\n<li data-sourcepos=\"16:1-16:207\"><strong>Nhanh ch\u00f3ng v\u00e0 an to\u00e0n:<\/strong> H\u1ec7 th\u1ed1ng v\u1eadn chuy\u1ec3n hi\u1ec7n \u0111\u1ea1i, t\u1ed1i \u01b0u h\u00f3a quy tr\u00ecnh l\u00e0m vi\u1ec7c gi\u00fap ch\u00fang t\u00f4i r\u00fat ng\u1eafn th\u1eddi gian giao h\u00e0ng, \u0111\u1ea3m b\u1ea3o h\u00e0ng h\u00f3a c\u1ee7a qu\u00fd kh\u00e1ch lu\u00f4n \u0111\u01b0\u1ee3c v\u1eadn chuy\u1ec3n an to\u00e0n v\u00e0 \u0111\u00fang h\u1eb9n.<\/li>\n<li data-sourcepos=\"17:1-21:96\"><strong>\u0110a d\u1ea1ng d\u1ecbch v\u1ee5:<\/strong> Elinks Logistic cung c\u1ea5p \u0111a d\u1ea1ng c\u00e1c d\u1ecbch v\u1ee5 chuy\u1ec3n ph\u00e1t nhanh qu\u1ed1c t\u1ebf, bao g\u1ed3m:\n<ul data-sourcepos=\"18:5-21:96\">\n<li data-sourcepos=\"18:5-18:126\">Chuy\u1ec3n ph\u00e1t nhanh c\u00e1c lo\u1ea1i h\u00e0ng h\u00f3a: t\u1eeb h\u00e0ng h\u00f3a th\u01b0\u01a1ng m\u1ea1i \u0111i\u1ec7n t\u1eed, h\u00e0ng m\u1eabu \u0111\u1ebfn h\u00e0ng h\u00f3a c\u1ed3ng k\u1ec1nh, h\u00e0ng h\u00f3a \u0111\u1eb7c bi\u1ec7t.<\/li>\n<li data-sourcepos=\"19:5-19:70\">V\u1eadn chuy\u1ec3n h\u00e0ng h\u00f3a theo \u0111\u01b0\u1eddng h\u00e0ng kh\u00f4ng, \u0111\u01b0\u1eddng bi\u1ec3n, \u0111\u01b0\u1eddng b\u1ed9.<\/li>\n<li data-sourcepos=\"20:5-20:97\">Th\u1ee7 t\u1ee5c h\u1ea3i quan: H\u1ed7 tr\u1ee3 kh\u00e1ch h\u00e0ng ho\u00e0n t\u1ea5t c\u00e1c th\u1ee7 t\u1ee5c h\u1ea3i quan nhanh ch\u00f3ng v\u00e0 ch\u00ednh x\u00e1c.<\/li>\n<li data-sourcepos=\"21:5-21:96\">B\u1ea3o hi\u1ec3m h\u00e0ng h\u00f3a: Cung c\u1ea5p d\u1ecbch v\u1ee5 b\u1ea3o hi\u1ec3m h\u00e0ng h\u00f3a \u0111\u1ec3 \u0111\u1ea3m b\u1ea3o quy\u1ec1n l\u1ee3i c\u1ee7a kh\u00e1ch h\u00e0ng.<\/li>\n<\/ul>\n<\/li>\n<li data-sourcepos=\"22:1-22:57\"><strong>Chi ph\u00ed c\u1ea1nh tranh:<\/strong> Ch\u00fang t\u00f4i lu\u00f4n c\u1ed1 g\u1eafng mang \u0111\u1ebfn cho kh\u00e1ch h\u00e0ng m\u1ee9c c\u01b0\u1edbc v\u1eadn chuy\u1ec3n h\u1ee3p l\u00fd v\u00e0 c\u1ea1nh tranh nh\u1ea5t tr\u00ean th\u1ecb tr\u01b0\u1eddng.<\/li>\n<li data-sourcepos=\"23:1-24:0\"><strong>H\u1ec7 th\u1ed1ng theo d\u00f5i h\u00e0nh tr\u00ecnh:<\/strong> Kh\u00e1ch h\u00e0ng c\u00f3 th\u1ec3 d\u1ec5 d\u00e0ng theo d\u00f5i h\u00e0nh tr\u00ecnh c\u1ee7a h\u00e0ng h\u00f3a th\u00f4ng qua h\u1ec7 th\u1ed1ng tr\u1ef1c tuy\u1ebfn c\u1ee7a ch\u00fang t\u00f4i.<\/li>\n<\/ul>\n<h2 data-sourcepos=\"25:1-25:26\"><strong>Cam k\u1ebft c\u1ee7a ch\u00fang t\u00f4i:<\/strong><\/h2>\n<ul data-sourcepos=\"27:1-30:0\">\n<li data-sourcepos=\"27:1-27:99\"><strong>Uy t\u00edn:<\/strong> Ch\u00fang t\u00f4i lu\u00f4n \u0111\u1eb7t ch\u1eef t\u00edn l\u00ean h\u00e0ng \u0111\u1ea7u, x\u00e2y d\u1ef1ng m\u1ed1i quan h\u1ec7 l\u00e2u d\u00e0i v\u1edbi kh\u00e1ch h\u00e0ng.<\/li>\n<li data-sourcepos=\"28:1-28:81\"><strong>Ch\u1ea5t l\u01b0\u1ee3ng:<\/strong> Ch\u1ea5t l\u01b0\u1ee3ng d\u1ecbch v\u1ee5 l\u00e0 ti\u00eau ch\u00ed h\u00e0ng \u0111\u1ea7u m\u00e0 ch\u00fang t\u00f4i h\u01b0\u1edbng t\u1edbi.<\/li>\n<li data-sourcepos=\"29:1-30:0\"><strong>Kh\u00e1ch h\u00e0ng l\u00e0 trung t\u00e2m:<\/strong> Ch\u00fang t\u00f4i lu\u00f4n l\u1eafng nghe v\u00e0 th\u1ea5u hi\u1ec3u nhu c\u1ea7u c\u1ee7a kh\u00e1ch h\u00e0ng \u0111\u1ec3 \u0111\u01b0a ra gi\u1ea3i ph\u00e1p v\u1eadn chuy\u1ec3n t\u1ed1i \u01b0u nh\u1ea5t.<\/li>\n<\/ul>\n<h2 data-sourcepos=\"31:1-31:21\"><strong>Ch\u00fang t\u00f4i l\u00e0m g\u00ec?<\/strong><\/h2>\n<ul data-sourcepos=\"33:1-37:8\">\n<li data-sourcepos=\"33:1-33:119\"><strong>T\u01b0 v\u1ea5n:<\/strong> Cung c\u1ea5p t\u01b0 v\u1ea5n chuy\u00ean nghi\u1ec7p v\u1ec1 c\u00e1c d\u1ecbch v\u1ee5 v\u1eadn chuy\u1ec3n, gi\u00fap kh\u00e1ch h\u00e0ng l\u1ef1a ch\u1ecdn gi\u1ea3i ph\u00e1p ph\u00f9 h\u1ee3p nh\u1ea5t.<\/li>\n<li data-sourcepos=\"34:1-34:70\"><strong>Thu gom:<\/strong> Thu gom h\u00e0ng h\u00f3a t\u1ea1i nh\u00e0 ho\u1eb7c v\u0103n ph\u00f2ng c\u1ee7a kh\u00e1ch h\u00e0ng.<\/li>\n<li data-sourcepos=\"35:1-35:104\"><strong>Bao g\u00f3i:<\/strong> \u0110\u00f3ng g\u00f3i h\u00e0ng h\u00f3a c\u1ea9n th\u1eadn, \u0111\u1ea3m b\u1ea3o h\u00e0ng h\u00f3a kh\u00f4ng b\u1ecb h\u01b0 h\u1ecfng trong qu\u00e1 tr\u00ecnh v\u1eadn chuy\u1ec3n.<\/li>\n<li data-sourcepos=\"36:1-36:97\"><strong>V\u1eadn chuy\u1ec3n:<\/strong> V\u1eadn chuy\u1ec3n h\u00e0ng h\u00f3a \u0111\u1ebfn \u0111\u1ecba ch\u1ec9 c\u1ee7a ng\u01b0\u1eddi nh\u1eadn m\u1ed9t c\u00e1ch nhanh ch\u00f3ng v\u00e0 an to\u00e0n.<\/li>\n<li data-sourcepos=\"37:1-37:8\"><strong>Giao nh\u1eadn:<\/strong> Giao nh\u1eadn h\u00e0ng h\u00f3a t\u1eadn tay ng\u01b0\u1eddi nh\u1eadn v\u00e0 thu h\u1ed3i c\u01b0\u1edbc v\u1eadn chuy\u1ec3n.<\/li>\n<\/ul>\n<h2><strong>Li\u00ean h\u1ec7 v\u1edbi ch\u00fang t\u00f4i:<\/strong><\/h2>\n<p><i class=\"fas fa-location-dot\"><\/i>\u00a0\u0110\u1ecba ch\u1ec9: S\u1ed1 25, Li\u1ec1n k\u1ec1 30, Khu \u0111\u00f4 th\u1ecb \u0110\u00f4ng S\u01a1n, Ph\u01b0\u1eddng An H\u01b0ng, TP.Thanh Ho\u00e1, Vi\u1ec7t Nam<\/p>\n<p><strong>Miss Ng\u1ecdc Anh<\/strong><br \/>\n<i class=\"fas fa-phone\"><\/i>\u00a00375 699 622 &#8211;\u00a0<i class=\"fas fa-envelope\"><\/i>\u00a0ngocanh@elinkslogistics.com<\/p>\n<p><strong>Miss T\u00fa<\/strong><br \/>\n<i class=\"fas fa-phone\"><\/i>\u00a00919073126 &#8211;\u00a0<i class=\"fas fa-envelope\"><\/i>\u00a0letu@elinkslogistics.com<\/p>\n","protected":false},"excerpt":{"rendered":"<p>Elinks Logistic &#8211; N\u1ed1i li\u1ec1n th\u1ebf gi\u1edbi, k\u1ebft n\u1ed1i th\u00e0nh c\u00f4ng Trong th\u1eddi \u0111\u1ea1i to\u00e0n c\u1ea7u h\u00f3a, vi\u1ec7c v\u1eadn chuy\u1ec3n h\u00e0ng h\u00f3a nhanh ch\u00f3ng v\u00e0 an to\u00e0n tr\u1edf n\u00ean quan tr\u1ecdng h\u01a1n bao gi\u1edd h\u1ebft. Hi\u1ec3u r\u00f5 t\u1ea7m quan tr\u1ecdng \u0111\u00f3, Elinks Logistic ra \u0111\u1eddi v\u1edbi s\u1ee9 m\u1ec7nh tr\u1edf th\u00e0nh \u0111\u1ed1i t\u00e1c tin c\u1eady, mang [&#8230;]\n","protected":false},"author":1,"featured_media":0,"parent":0,"menu_order":0,"comment_status":"closed","ping_status":"closed","template":"","meta":{"footnotes":""},"class_list":["post-69","page","type-page","status-publish","hentry"],"_links":{"self":[{"href":"https:\/\/elinkslogistics.com\/index.php\/wp-json\/wp\/v2\/pages\/69","targetHints":{"allow":["GET"]}}],"collection":[{"href":"https:\/\/elinkslogistics.com\/index.php\/wp-json\/wp\/v2\/pages"}],"about":[{"href":"https:\/\/elinkslogistics.com\/index.php\/wp-json\/wp\/v2\/types\/page"}],"author":[{"embeddable":true,"href":"https:\/\/elinkslogistics.com\/index.php\/wp-json\/wp\/v2\/users\/1"}],"replies":[{"embeddable":true,"href":"https:\/\/elinkslogistics.com\/index.php\/wp-json\/wp\/v2\/comments?post=69"}],"version-history":[{"count":2,"href":"https:\/\/elinkslogistics.com\/index.php\/wp-json\/wp\/v2\/pages\/69\/revisions"}],"predecessor-version":[{"id":71,"href":"https:\/\/elinkslogistics.com\/index.php\/wp-json\/wp\/v2\/pages\/69\/revisions\/71"}],"wp:attachment":[{"href":"https:\/\/elinkslogistics.com\/index.php\/wp-json\/wp\/v2\/media?parent=69"}],"curies":[{"name":"wp","href":"https:\/\/api.w.org\/{rel}","templated":true}]}}